{"version":"1.0","provider_name":"Le Grand Repas","provider_url":"https:\/\/archives.legrandrepas.fr\/2022","author_name":"Marketing","author_url":"https:\/\/archives.legrandrepas.fr\/2022","title":"Bretagne Sud-2022 - Le Grand Repas","type":"rich","width":600,"height":338,"html":"<blockquote class=\"wp-embedded-content\" data-secret=\"sMuJ2fGACm\"><a href=\"https:\/\/archives.legrandrepas.fr\/2022\/territoires\/paris-2022\/\">Bretagne Sud-2022<\/a><\/blockquote><iframe sandbox=\"allow-scripts\" security=\"restricted\" src=\"https:\/\/archives.legrandrepas.fr\/2022\/territoires\/paris-2022\/embed\/#?secret=sMuJ2fGACm\" width=\"600\" height=\"338\" title=\"\u00ab\u00a0Bretagne Sud-2022\u00a0\u00bb &#8212; Le Grand Repas\" data-secret=\"sMuJ2fGACm\" frameborder=\"0\" marginwidth=\"0\" marginheight=\"0\" scrolling=\"no\" class=\"wp-embedded-content\"><\/iframe><script>\n\/*! This file is auto-generated *\/\n!function(d,l){\"use strict\";l.querySelector&&d.addEventListener&&\"undefined\"!=typeof URL&&(d.wp=d.wp||{},d.wp.receiveEmbedMessage||(d.wp.receiveEmbedMessage=function(e){var t=e.data;if((t||t.secret||t.message||t.value)&&!\/[^a-zA-Z0-9]\/.test(t.secret)){for(var s,r,n,a=l.querySelectorAll('iframe[data-secret=\"'+t.secret+'\"]'),o=l.querySelectorAll('blockquote[data-secret=\"'+t.secret+'\"]'),c=new RegExp(\"^https?:$\",\"i\"),i=0;i<o.length;i++)o[i].style.display=\"none\";for(i=0;i<a.length;i++)s=a[i],e.source===s.contentWindow&&(s.removeAttribute(\"style\"),\"height\"===t.message?(1e3<(r=parseInt(t.value,10))?r=1e3:~~r<200&&(r=200),s.height=r):\"link\"===t.message&&(r=new URL(s.getAttribute(\"src\")),n=new URL(t.value),c.test(n.protocol))&&n.host===r.host&&l.activeElement===s&&(d.top.location.href=t.value))}},d.addEventListener(\"message\",d.wp.receiveEmbedMessage,!1),l.addEventListener(\"DOMContentLoaded\",function(){for(var e,t,s=l.querySelectorAll(\"iframe.wp-embedded-content\"),r=0;r<s.length;r++)(t=(e=s[r]).getAttribute(\"data-secret\"))||(t=Math.random().toString(36).substring(2,12),e.src+=\"#?secret=\"+t,e.setAttribute(\"data-secret\",t)),e.contentWindow.postMessage({message:\"ready\",secret:t},\"*\")},!1)))}(window,document);\n\/\/# sourceURL=https:\/\/archives.legrandrepas.fr\/2022\/wp-includes\/js\/wp-embed.min.js\n<\/script>\n","thumbnail_url":"https:\/\/archives.legrandrepas.fr\/2022\/wp-content\/uploads\/2022\/07\/ile-et-vilaine-scaled.jpeg","thumbnail_width":1920,"thumbnail_height":2560,"description":"Lakhdar M'Krem, parrain de la Bretagne sud du Grand Repas. Bienveillance et authenticit\u00e9, telles sont depuis 2008 les valeurs du Chef \u00e0 la cuisine centrale. Gr\u00e2ce \u00e0 son \u00e9quipe, il valorise les produits locaux de qualit\u00e9, c\u2019est-\u00e0-dire labellis\u00e9s et issus de l\u2019agriculture biologique, de la p\u00eache durable, du commerce \u00e9quitable et des projets alimentaires territoriaux (PAT)."}

Lakhdar M'Krem, parrain de la Bretagne sud du Grand Repas. Bienveillance et authenticité, telles sont depuis 2008 les valeurs du Chef à la cuisine centrale. Grâce à son équipe, il valorise les produits locaux de qualité, c’est-à-dire labellisés et issus de l’agriculture biologique, de la pêche durable, du commerce équitable et des projets alimentaires territoriaux (PAT).
