{"id":6,"date":"2022-06-13T11:42:59","date_gmt":"2022-06-13T09:42:59","guid":{"rendered":"https:\/\/archives.legrandrepas.fr\/?page_id=6"},"modified":"2023-05-10T10:35:08","modified_gmt":"2023-05-10T08:35:08","slug":"accueil","status":"publish","type":"page","link":"https:\/\/archives.legrandrepas.fr\/2022\/","title":{"rendered":"Accueil"},"content":{"rendered":"","protected":false},"excerpt":{"rendered":"","protected":false},"author":1,"featured_media":0,"parent":0,"menu_order":0,"comment_status":"closed","ping_status":"closed","template":"","meta":{"footnotes":""},"class_list":["post-6","page","type-page","status-publish","hentry"],"acf":[],"yoast_head":"<!-- This site is optimized with the Yoast SEO plugin v20.5 - https:\/\/yoast.com\/wordpress\/plugins\/seo\/ -->\n<title>Le Grand Repas - Accueil<\/title>\n<meta name=\"description\" content=\"Une fois par an, l\u2019association Le Grand Repas propose aux citoyens de partager tous ensemble le m\u00eame menu con\u00e7u \u00e0 base de produits locaux et de saison, le m\u00eame jour sur leur Territoire, partout en France.\" \/>\n<meta name=\"robots\" content=\"noindex, follow, max-snippet:-1, max-image-preview:large, max-video-preview:-1\" \/>\n<meta property=\"og:locale\" content=\"fr_FR\" \/>\n<meta property=\"og:type\" content=\"article\" \/>\n<meta property=\"og:title\" content=\"Le Grand Repas - Accueil\" \/>\n<meta property=\"og:description\" content=\"Une fois par an, l\u2019association Le Grand Repas propose aux citoyens de partager tous ensemble le m\u00eame menu con\u00e7u \u00e0 base de produits locaux et de saison, le m\u00eame jour sur leur Territoire, partout en France.\" \/>\n<meta property=\"og:url\" content=\"https:\/\/archives.legrandrepas.fr\/2022\/\" \/>\n<meta property=\"og:site_name\" content=\"Le Grand Repas\" \/>\n<meta property=\"article:publisher\" content=\"https:\/\/www.facebook.com\/LeGrandRepas\/\" \/>\n<meta property=\"article:modified_time\" content=\"2023-05-10T08:35:08+00:00\" \/>\n<meta name=\"twitter:card\" content=\"summary_large_image\" \/>\n<script type=\"application\/ld+json\" class=\"yoast-schema-graph\">{\"@context\":\"https:\/\/schema.org\",\"@graph\":[{\"@type\":\"WebPage\",\"@id\":\"https:\/\/archives.legrandrepas.fr\/2022\/\",\"url\":\"https:\/\/archives.legrandrepas.fr\/2022\/\",\"name\":\"Le Grand Repas - Accueil\",\"isPartOf\":{\"@id\":\"https:\/\/archives.legrandrepas.fr\/2022\/#website\"},\"datePublished\":\"2022-06-13T09:42:59+00:00\",\"dateModified\":\"2023-05-10T08:35:08+00:00\",\"description\":\"Une fois par an, l\u2019association Le Grand Repas propose aux citoyens de partager tous ensemble le m\u00eame menu con\u00e7u \u00e0 base de produits locaux et de saison, le m\u00eame jour sur leur Territoire, partout en France.\",\"breadcrumb\":{\"@id\":\"https:\/\/archives.legrandrepas.fr\/2022\/#breadcrumb\"},\"inLanguage\":\"fr-FR\",\"potentialAction\":[{\"@type\":\"ReadAction\",\"target\":[\"https:\/\/archives.legrandrepas.fr\/2022\/\"]}]},{\"@type\":\"BreadcrumbList\",\"@id\":\"https:\/\/archives.legrandrepas.fr\/2022\/#breadcrumb\",\"itemListElement\":[{\"@type\":\"ListItem\",\"position\":1,\"name\":\"Accueil\",\"item\":\"https:\/\/archives.legrandrepas.fr\/2022\/\"},{\"@type\":\"ListItem\",\"position\":2,\"name\":\"Accueil\"}]},{\"@type\":\"WebSite\",\"@id\":\"https:\/\/archives.legrandrepas.fr\/2022\/#website\",\"url\":\"https:\/\/archives.legrandrepas.fr\/2022\/\",\"name\":\"Le Grand Repas\",\"description\":\"Le m\u00eame menu, le m\u00eame jour,  partag\u00e9 par tous les citoyens d&#039;un m\u00eame territoire\",\"publisher\":{\"@id\":\"https:\/\/archives.legrandrepas.fr\/2022\/#organization\"},\"potentialAction\":[{\"@type\":\"SearchAction\",\"target\":{\"@type\":\"EntryPoint\",\"urlTemplate\":\"https:\/\/archives.legrandrepas.fr\/2022\/?s={search_term_string}\"},\"query-input\":\"required name=search_term_string\"}],\"inLanguage\":\"fr-FR\"},{\"@type\":\"Organization\",\"@id\":\"https:\/\/archives.legrandrepas.fr\/2022\/#organization\",\"name\":\"Association Le Grand Repas\",\"url\":\"https:\/\/archives.legrandrepas.fr\/2022\/\",\"logo\":{\"@type\":\"ImageObject\",\"inLanguage\":\"fr-FR\",\"@id\":\"https:\/\/archives.legrandrepas.fr\/2022\/#\/schema\/logo\/image\/\",\"url\":\"https:\/\/archives.legrandrepas.fr\/wp-content\/uploads\/2022\/06\/logo-LGR.png\",\"contentUrl\":\"https:\/\/archives.legrandrepas.fr\/wp-content\/uploads\/2022\/06\/logo-LGR.png\",\"width\":1280,\"height\":1278,\"caption\":\"Association Le Grand Repas\"},\"image\":{\"@id\":\"https:\/\/archives.legrandrepas.fr\/2022\/#\/schema\/logo\/image\/\"},\"sameAs\":[\"https:\/\/www.facebook.com\/LeGrandRepas\/\",\"https:\/\/www.linkedin.com\/company\/79483218\/admin\/notifications\/all\/\",\"https:\/\/www.instagram.com\/LeGrandRepas\/\"]}]}<\/script>\n<!-- \/ Yoast SEO plugin. -->","yoast_head_json":{"title":"Le Grand Repas - Accueil","description":"Une fois par an, l\u2019association Le Grand Repas propose aux citoyens de partager tous ensemble le m\u00eame menu con\u00e7u \u00e0 base de produits locaux et de saison, le m\u00eame jour sur leur Territoire, partout en France.","robots":{"index":"noindex","follow":"follow","max-snippet":"max-snippet:-1","max-image-preview":"max-image-preview:large","max-video-preview":"max-video-preview:-1"},"og_locale":"fr_FR","og_type":"article","og_title":"Le Grand Repas - Accueil","og_description":"Une fois par an, l\u2019association Le Grand Repas propose aux citoyens de partager tous ensemble le m\u00eame menu con\u00e7u \u00e0 base de produits locaux et de saison, le m\u00eame jour sur leur Territoire, partout en France.","og_url":"https:\/\/archives.legrandrepas.fr\/2022\/","og_site_name":"Le Grand Repas","article_publisher":"https:\/\/www.facebook.com\/LeGrandRepas\/","article_modified_time":"2023-05-10T08:35:08+00:00","twitter_card":"summary_large_image","schema":{"@context":"https:\/\/schema.org","@graph":[{"@type":"WebPage","@id":"https:\/\/archives.legrandrepas.fr\/2022\/","url":"https:\/\/archives.legrandrepas.fr\/2022\/","name":"Le Grand Repas - Accueil","isPartOf":{"@id":"https:\/\/archives.legrandrepas.fr\/2022\/#website"},"datePublished":"2022-06-13T09:42:59+00:00","dateModified":"2023-05-10T08:35:08+00:00","description":"Une fois par an, l\u2019association Le Grand Repas propose aux citoyens de partager tous ensemble le m\u00eame menu con\u00e7u \u00e0 base de produits locaux et de saison, le m\u00eame jour sur leur Territoire, partout en France.","breadcrumb":{"@id":"https:\/\/archives.legrandrepas.fr\/2022\/#breadcrumb"},"inLanguage":"fr-FR","potentialAction":[{"@type":"ReadAction","target":["https:\/\/archives.legrandrepas.fr\/2022\/"]}]},{"@type":"BreadcrumbList","@id":"https:\/\/archives.legrandrepas.fr\/2022\/#breadcrumb","itemListElement":[{"@type":"ListItem","position":1,"name":"Accueil","item":"https:\/\/archives.legrandrepas.fr\/2022\/"},{"@type":"ListItem","position":2,"name":"Accueil"}]},{"@type":"WebSite","@id":"https:\/\/archives.legrandrepas.fr\/2022\/#website","url":"https:\/\/archives.legrandrepas.fr\/2022\/","name":"Le Grand Repas","description":"Le m\u00eame menu, le m\u00eame jour,  partag\u00e9 par tous les citoyens d&#039;un m\u00eame territoire","publisher":{"@id":"https:\/\/archives.legrandrepas.fr\/2022\/#organization"},"potentialAction":[{"@type":"SearchAction","target":{"@type":"EntryPoint","urlTemplate":"https:\/\/archives.legrandrepas.fr\/2022\/?s={search_term_string}"},"query-input":"required name=search_term_string"}],"inLanguage":"fr-FR"},{"@type":"Organization","@id":"https:\/\/archives.legrandrepas.fr\/2022\/#organization","name":"Association Le Grand Repas","url":"https:\/\/archives.legrandrepas.fr\/2022\/","logo":{"@type":"ImageObject","inLanguage":"fr-FR","@id":"https:\/\/archives.legrandrepas.fr\/2022\/#\/schema\/logo\/image\/","url":"https:\/\/archives.legrandrepas.fr\/wp-content\/uploads\/2022\/06\/logo-LGR.png","contentUrl":"https:\/\/archives.legrandrepas.fr\/wp-content\/uploads\/2022\/06\/logo-LGR.png","width":1280,"height":1278,"caption":"Association Le Grand Repas"},"image":{"@id":"https:\/\/archives.legrandrepas.fr\/2022\/#\/schema\/logo\/image\/"},"sameAs":["https:\/\/www.facebook.com\/LeGrandRepas\/","https:\/\/www.linkedin.com\/company\/79483218\/admin\/notifications\/all\/","https:\/\/www.instagram.com\/LeGrandRepas\/"]}]}},"_links":{"self":[{"href":"https:\/\/archives.legrandrepas.fr\/2022\/wp-json\/wp\/v2\/pages\/6","targetHints":{"allow":["GET"]}}],"collection":[{"href":"https:\/\/archives.legrandrepas.fr\/2022\/wp-json\/wp\/v2\/pages"}],"about":[{"href":"https:\/\/archives.legrandrepas.fr\/2022\/wp-json\/wp\/v2\/types\/page"}],"author":[{"embeddable":true,"href":"https:\/\/archives.legrandrepas.fr\/2022\/wp-json\/wp\/v2\/users\/1"}],"replies":[{"embeddable":true,"href":"https:\/\/archives.legrandrepas.fr\/2022\/wp-json\/wp\/v2\/comments?post=6"}],"version-history":[{"count":70,"href":"https:\/\/archives.legrandrepas.fr\/2022\/wp-json\/wp\/v2\/pages\/6\/revisions"}],"predecessor-version":[{"id":3722,"href":"https:\/\/archives.legrandrepas.fr\/2022\/wp-json\/wp\/v2\/pages\/6\/revisions\/3722"}],"wp:attachment":[{"href":"https:\/\/archives.legrandrepas.fr\/2022\/wp-json\/wp\/v2\/media?parent=6"}],"curies":[{"name":"wp","href":"https:\/\/api.w.org\/{rel}","templated":true}]}}

<!-- This site is optimized with the Yoast SEO plugin v20.5 - https://yoast.com/wordpress/plugins/seo/ -->
<title>Le Grand Repas - Accueil</title>
<meta name="description" content="Une fois par an, l’association Le Grand Repas propose aux citoyens de partager tous ensemble le même menu conçu à base de produits locaux et de saison, le même jour sur leur Territoire, partout en France." />
<meta name="robots" content="noindex, follow, max-snippet:-1, max-image-preview:large, max-video-preview:-1" />
<meta property="og:locale" content="fr_FR" />
<meta property="og:type" content="article" />
<meta property="og:title" content="Le Grand Repas - Accueil" />
<meta property="og:description" content="Une fois par an, l’association Le Grand Repas propose aux citoyens de partager tous ensemble le même menu conçu à base de produits locaux et de saison, le même jour sur leur Territoire, partout en France." />
<meta property="og:url" content="https://archives.legrandrepas.fr/2022/" />
<meta property="og:site_name" content="Le Grand Repas" />
<meta property="article:publisher" content="https://www.facebook.com/LeGrandRepas/" />
<meta property="article:modified_time" content="2023-05-10T08:35:08+00:00" />
<meta name="twitter:card" content="summary_large_image" />
<script type="application/ld+json" class="yoast-schema-graph">{"@context":"https://schema.org","@graph":[{"@type":"WebPage","@id":"https://archives.legrandrepas.fr/2022/","url":"https://archives.legrandrepas.fr/2022/","name":"Le Grand Repas - Accueil","isPartOf":{"@id":"https://archives.legrandrepas.fr/2022/#website"},"datePublished":"2022-06-13T09:42:59+00:00","dateModified":"2023-05-10T08:35:08+00:00","description":"Une fois par an, l’association Le Grand Repas propose aux citoyens de partager tous ensemble le même menu conçu à base de produits locaux et de saison, le même jour sur leur Territoire, partout en France.","breadcrumb":{"@id":"https://archives.legrandrepas.fr/2022/#breadcrumb"},"inLanguage":"fr-FR","potentialAction":[{"@type":"ReadAction","target":["https://archives.legrandrepas.fr/2022/"]}]},{"@type":"BreadcrumbList","@id":"https://archives.legrandrepas.fr/2022/#breadcrumb","itemListElement":[{"@type":"ListItem","position":1,"name":"Accueil","item":"https://archives.legrandrepas.fr/2022/"},{"@type":"ListItem","position":2,"name":"Accueil"}]},{"@type":"WebSite","@id":"https://archives.legrandrepas.fr/2022/#website","url":"https://archives.legrandrepas.fr/2022/","name":"Le Grand Repas","description":"Le même menu, le même jour,  partagé par tous les citoyens d&#039;un même territoire","publisher":{"@id":"https://archives.legrandrepas.fr/2022/#organization"},"potentialAction":[{"@type":"SearchAction","target":{"@type":"EntryPoint","urlTemplate":"https://archives.legrandrepas.fr/2022/?s={search_term_string}"},"query-input":"required name=search_term_string"}],"inLanguage":"fr-FR"},{"@type":"Organization","@id":"https://archives.legrandrepas.fr/2022/#organization","name":"Association Le Grand Repas","url":"https://archives.legrandrepas.fr/2022/","logo":{"@type":"ImageObject","inLanguage":"fr-FR","@id":"https://archives.legrandrepas.fr/2022/#/schema/logo/image/","url":"https://archives.legrandrepas.fr/wp-content/uploads/2022/06/logo-LGR.png","contentUrl":"https://archives.legrandrepas.fr/wp-content/uploads/2022/06/logo-LGR.png","width":1280,"height":1278,"caption":"Association Le Grand Repas"},"image":{"@id":"https://archives.legrandrepas.fr/2022/#/schema/logo/image/"},"sameAs":["https://www.facebook.com/LeGrandRepas/","https://www.linkedin.com/company/79483218/admin/notifications/all/","https://www.instagram.com/LeGrandRepas/"]}]}</script>
<!-- / Yoast SEO plugin. -->

Une fois par an, l’association Le Grand Repas propose aux citoyens de partager tous ensemble le même menu conçu à base de produits locaux et de saison, le même jour sur leur Territoire, partout en France.

Le même menu, le même jour,  partagé par tous les citoyens d&#039;un même territoire
